e o(5). Let s(h) be the second derivative of 1/3*h**3 - 4*h + q + 1/2*h**2 - 1/20*h**5 - 1/6*h**4. Calculate s(-2).
-3
Let h(b) = -3*b**3 + 15*b**2 - 4*b + 26. Let k be h(5). Let d(c) = c**3 - 5*c**2 - 6*c + 3. Determine d(k).
3
Suppose -8*n - 3*w = -3*n + 35, -3*w = n - 5. Let t(m) = m**3 + 11*m**2 + 7*m - 22. What is t(n)?
8
Let p(n) = -44*n + 47. Let q be p(1). Let c(v) = -20*v + 5. Let r(d) = -7*d + 2. Let g(k) = 3*c(k) - 8*r(k). Determine g(q).
-13
Let a(z) = z - 4. Suppose -k + 0 + 1 = 0. Let p = -18 + 13. Let d be 2 + 0/p + k. Determine a(d).
-1
Let d = 90 + -86. Let a(m) be the third derivative of m**5/60 - m**4/8 - m**3/2 + 2*m**2. Determine a(d).
1
Suppose 2*r - 4*b = 7*r + 18, -b - 27 = 5*r. Let o(q) = q**2 + 5*q - 7. What is o(r)?
-1
Suppose -18*s - 90 = -23*s. Suppose -2*h - 1 = -3*h + 5*i, -2*i + s = -5*h. Let o(u) = -4*u - 2. What is o(h)?
14
Let j(i) = -i**2 + 9*i - 11. Let z be j(6). Let o(f) = -2*f - 1 - z*f + f + 9*f. Determine o(-6).
-7
Let a(w) be the second derivative of w**5/20 + w**2 - 402*w. What is a(0)?
2
Let v be 4018/1025 - (-4)/50. Let q(s) = s**2 - 12*s + 8. Let l(a) = a**2 - 11*a + 7. Let d(t) = -6*l(t) + 5*q(t). Give d(v).
6
Let m(g) be the third derivative of g**5/60 - g**4/12 - g**3/2 - 6*g**2. Suppose 3*u - 5*u = -3*y + 13, -3*u = -3. Let o be 6/(y - (7 - 4)). Determine m(o).
0
Let y(w) = 12*w**3 - w**2 + 1. Let k(h) = 2*h**3 - 14*h**2 - h + 9. Let c be k(7). Let b be (1*(c - 1))/(-1)*1. Give y(b).
-12
Let x(g) be the first derivative of g**4/4 + g**3/3 - g**2 + 3*g - 8. Let t(k) = -2*k + 6. Let c be t(2). What is x(c)?
11
Let m(s) = s**3 + 9*s**2 + 11*s + 8. Let v be 10 + -2*-9*(-1)/6. Suppose -v = 2*l + 9. What is m(l)?
-16
Let a(d) = 32*d**2 + 15*d - 22. Let x(p) = 9*p**2 + 5*p - 7. Let q(r) = -2*a(r) + 7*x(r). Let v be 3/(-9) - 16/(-3). Give q(v).
-5
Let l(f) = -14*f**2 - 61*f - 46. Let c(o) = -5*o**2 - 21*o - 15. Let g(t) = -8*c(t) + 3*l(t). Calculate g(-5).
7
Let n(y) = -5*y - 1. Suppose 3*s + 2 = 5*a - 9*a, 2*a - 2 = -3*s. Give n(s).
-11
Let j(m) = -2*m**2 + m**3 - 4*m + 16*m**2 + 1 - 16*m**2. Let u be ((-1)/2)/((-4)/24). What is j(u)?
-2
Let q(g) = 5*g - 6. Let v be ((-28)/(-56))/((-2)/(-8)). Calculate q(v).
4
Suppose 72 = 152*o - 161*o. Let p(f) = -4*f - 11. Give p(o).
21
Suppose 2*j = 4*j - 130. Let u = -59 + j. Let w(y) = -y + 11. What is w(u)?
5
Let q(i) = i**3 - 6*i**2 + 14*i - 1. Let x(a) = 3*a. Let t(j) = -q(j) + 5*x(j). Determine t(7).
-41
Let h(m) = 30*m**2 - 5*m + 7. Let y(p) = -15*p**2 + 2*p - 3. Let z(g) = 2*h(g) + 5*y(g). Let k(o) = -o + 10. Let r be k(9). Give z(r).
-16
Let s be (-2)/(-7) - (-3 - (-230)/70). Let z be (8 + -2)*(-2)/(-6). Let u(f) = 4 + s*f - z*f + f. Give u(0).
4
Let l(x) = -7*x**3 - x - 2. Let g(q) = q**3 + 13*q**2 + 12*q - 1. Let t be g(-12). Calculate l(t).
6
Let z(s) = -2 - 7 + 1326*s**2 - 4*s - 10*s - 1327*s**2. Determine z(-11).
24
Let s(r) = 2*r**3 - 3*r + 2. Let i = 6 + -5. Let c be s(i). Let j(k) = -k + 2 + 2*k**2 - c - 1. Give j(2).
6
Let l be -23 - -24 - (-1 - 1). Let o(t) be the third derivative of 0 + 2/3*t**l + 1/24*t**4 + 4*t**2 + 0*t. Give o(-3).
1
Let h(q) be the third derivative of q + 3/2*q**3 + 0 + 15*q**2 + 1/24*q**4. Give h(-9).
0
Let s(c) = 5*c - 1. Let d(q) = 25*q - 2. Let f(y) = -d(y) + 4*s(y). Give f(-3).
13
Let w(k) = -3*k**2 - 4*k + 4. Suppose -j = -2*j - 3. Let p(g) = 2*g**2 + 5*g - 5. Suppose -4*n = -3*i, 3*n - 3 = i - 8. Let x(z) = i*p(z) + j*w(z). Give x(6).
-4
Let u(p) be the first derivative of -p**2/2 - 17*p + 9. Let f be u(-8). Let q be -1 - f/(36/(-16)). Let o(c) = c + 8. What is o(q)?
3
Let c(j) = j - 8. Let a(w) = -w. Let z be a(-2). Let q be (9 - 5)*z/1. Let p be c(q). Let v(o) = o - 12. Determine v(p).
-12
Let p(o) = o**3 - o**2 + 6*o + 16. Let d(h) = h**3 - h**2 + 5*h + 17. Let i(f) = 5*d(f) - 4*p(f). Let a = 26019 - 26019. Give i(a).
21
Let s = -3 + 4. Let m(z) = z**3 + z**2 + 4. Let t(o) = -6 - 1 - o**2 - 2*o**3 - 77*o + 77*o. Let i(c) = -5*m(c) - 3*t(c). Determine i(s).
0
Let s(i) be the third derivative of -i**6/60 - i**5/10 - i**4/24 - 2*i**3/3 - 11*i**2. Let n be s(-3). Let a(o) = 3*o + 1. Calculate a(n).
-2
Let x(v) = -v**3 - 6*v**2 - 4*v + 8. Let o be x(-3). Let t(c) = 3*c - 2. Give t(o).
-23
Suppose -12*j - 5*j - 17 = 0. Let q(g) = 1 - 6*g**2 + 3*g**2 + 3*g**2 + 2*g - 2*g**2. Determine q(j).
-3
Let o be ((-2)/6)/((-5)/90). Let l = o - 3. Let x(a) = a**3 - 3*a**2 + 2*a - 2. Calculate x(l).
4
Let n be (-12)/(-14)*(-105)/(-15). Let w(c) = 2*c + 2*c + 3*c**3 + 2*c**3 + 4*c**2 - n*c**3 - 2. Calculate w(5).
-7
Let x(k) = k**3 - 3*k**2 + 3*k - 3. Let g(n) = -n**3 + 48*n**2 - 93*n + 49. Let t be g(46). Calculate x(t).
6
Let p(f) = -2*f - 7. Let s(y) = 2*y + 6. Suppose -j - 2*i = -5*i + 8, -3*i + 12 = 0. Let n(k) = j*p(k) + 5*s(k). Determine n(-6).
-10
Let d(r) be the third derivative of -5*r**4/24 - 5*r**3/6 - 3*r**2. Let y be -2 + -1 - ((-2)/1 + 3). Determine d(y).
15
Suppose -c + 0*f + 9 = 3*f, f + 8 = -4*c. Let r(n) = n - 7 - 2*n + n - n. Give r(c).
-4
Let v(i) = -3*i - 5. Let k(g) = g + 2. Let s(l) = -4*k(l) - 2*v(l). Calculate s(-4).
-6
Suppose -2*i = -v - 3, 3*i - 6 = -0*v + v. Let b(r) = r**2 - 5*r + 3. What is b(v)?
-3
Let q(x) = -x**3 - 3*x**2 + 4*x. Suppose 4*m + 28 = -l + 4, 2*l - 3*m = 7. What is q(l)?
0
Suppose 9*p + 2 = 11*p. Let r(y) = -5*y**2 + 2*y - 2. Let q be r(p). Let n(w) = w**3 + 6*w**2 + 5*w + 2. Calculate n(q).
2
Let q(t) be the first derivative of -3*t**4/4 + t**3/3 + t**2/2 - 1. Let u(r) = -r**2 - 7*r + 46. Let y be u(-11). Determine q(y).
-18
Let d(r) = 4*r - 3*r + 2*r - 7. Suppose -2*v - 8 = -2*a, -13*v = -3*a - 12*v + 14. Determine d(a).
8
Let c(o) = -11*o - 23. Let p(w) = -4*w - 8. Suppose 0 = h + h. Suppose t = 5*l - 12, h*l + 6 = 2*l. Let x(s) = t*c(s) - 8*p(s). Determine x(0).
-5
Suppose -172*o = -168*o + 4. Let p(c) = -c**2 - c - 1. Let k(f) = -3*f**2 - 3*f - 6. Let n(y) = o*k(y) + 4*p(y). Calculate n(4).
-18
Let y = -42 + 46. Let j(n) = -2 + 15 - y - n. Calculate j(6).
3
Let v(i) = i + 4. Let n be v(-4). Suppose -2*z = -z + 2*d - 4, 3*z - 1 = 5*d. Let t(x) = 15*x**z + 2*x**3 - 2 - 5 - 3*x**3 - 14*x**2. What is t(n)?
-7
Let h(j) = -4*j + 1. Suppose -5*k - 5*z = 10, 2*k + 0*k + 3*z + 5 = 0. Let q be k*(4 + -4)/4. Suppose q = 2*c + 6 - 4. What is h(c)?
5
Let b(o) = 7*o**2. Suppose p = j - 119, 2*p = -3*p + j - 599. Let i = p + 119. What is b(i)?
7
Let d(j) = -467*j + 11*j**2 - 2*j**3 + 1 + 242*j + 218*j. Give d(5).
-9
Let a(z) = z**3 - z**2 - 2*z. Let p be a(2). Suppose -4*u + 40 = u + 5*y, -u + 2*y = 7. Suppose u*o - 5*o + 4 = p. Let t(b) = b**3 - 2*b - 1. Give t(o).
3
Suppose 44*f + 52 = 31*f. Let y(j) = -4 + j**3 - 3*j**2 + 0*j**2 + 4*j - 2*j**3. What is y(f)?
-4
Let u(f) be the first derivative of f**3/3 + 15*f**2/2 + 9*f + 66. Give u(-14).
-5
Let n(s) be the third derivative of s**6/360 - s**5/24 + s**4/24 + 5*s**3/2 + 9*s**2. Let o(z) be the first derivative of n(z). What is o(5)?
1
Let n be 4/34 - (265/85 - 0). Let x(k) = -k**3 - 4*k - 4. Determine x(n).
35
Let j be (-6)/9 + -1 - 4/12. Let x be 8/32 - j/(-8). Let q(y) = -y**2 - y - 16. Calculate q(x).
-16
Let f(x) = x**2 - 7*x - 5. Let s be f(8). Suppose -3*j = -5*d - 35, -3*d + s*j + 0 = 27. Let n(p) = -p**2 - 6*p - 5. Give n(d).
3
Let z(m) = -m**3 + 5*m**2 + 10*m - 2. Suppose 174 - 118 = 8*x. Calculate z(x).
-30
Let z(g) = g - 1. Let c(q) = q**2 - 21*q + 50. Let n be c(3). Give z(n).
-5
Suppose 6*v + 4 = 34. Let j(o) = -o. Give j(v).
-5
Let t(v) = 1. Let k(w) = -7*w - 2. Let i(h) = 34*h + 9. Let a(m) = -2*i(m) - 11*k(m). Let f(p) = a(p) - 5*t(p). What is f(-2)?
-19
Let k(n) = -n**2 - 2*n + 5. Suppose -t - 5 + 8 = 0. Let d = -7 + t. Determine k(d).
-3
Let c(g) = g**2 + 5*g + 4. Suppose 6 = -3*x + 36. Let b(h) = -2*h**3 + h**2 - 2*h - 2. Let i be b(-1). Suppose x = 5*z, 5*m = i*m - 5*z. Give c(m).
4
Let g be (-5 - -1 - -3) + (-42)/(-7). Let f(z) be the second derivative of -1/3*z**3 - 12*z + 1/12*z**4 - 1/2*z**2 + 1/20*z**g + 0. What is f(-3)?
-13
Let n(y) = -2*y**3 - 2*y - 1. Let u(c) = c**3 - 7*c**2 + 5*c + 5. Let g(q) = q. Let x be g(6). Let w be u(x). Give n(w).
3
Let c(x) = 2*x - 7. Let h be c(1). Let u(k) = -7*k**3 - 5*k**2 + 4*k + 14. Let m(l) = -4*l**3 - 2*l**2 + 2*l + 7. Let v(g) = -5*m(g) + 3*u(g). Calculate v(h).
-3
Let k(r)